
What is the highest common factor of 330 and 264?
66
What is the greatest common divisor of 942 and 24178?
314
Calculate the greatest common factor of 225 and 50.
25
Calculate the greatest common factor of 608 and 38.
38
Calculate the highest common factor of 10 and 530.
10
What is the greatest common factor of 901 and 17?
17
Calculate the highest common factor of 12 and 18.
6
What is the highest common factor of 88 and 55?
11
Calculate the highest common factor of 21 and 4669.
7
Calculate the highest common factor of 3320 and 40.
40
What is the highest common factor of 34 and 2414?
34
Calculate the greatest common divisor of 5 and 1.
1
What is the greatest common factor of 338 and 208?
26
Calculate the greatest common divisor of 5304 and 952.
136
What is the greatest common factor of 472 and 40?
8
Calculate the greatest common factor of 67 and 13333.
67
Calculate the highest common factor of 51 and 3.
3
What is the highest common factor of 9019 and 622?
311
Calculate the greatest common divisor of 3633 and 231.
21
Calculate the greatest common factor of 1640 and 40.
40
Calculate the greatest common factor of 481 and 299.
13
What is the highest common factor of 126 and 42?
42
What is the highest common factor of 3699 and 54?
27
Calculate the highest common factor of 656 and 48.
16
What is the highest common divisor of 1550 and 279?
31
What is the highest common divisor of 9 and 9?
9
What is the highest common factor of 732 and 18?
6
Calculate the highest common divisor of 48 and 648.
24
What is the greatest common divisor of 3325 and 114?
19
Calculate the greatest common factor of 640 and 90.
10
What is the highest common divisor of 44 and 5588?
44
Calculate the highest common factor of 629 and 102.
17
Calculate the greatest common factor of 1159 and 1952.
61
What is the highest common factor of 260 and 2210?
130
Calculate the highest common divisor of 99 and 451.
11
What is the highest common factor of 61 and 1037?
61
Calculate the greatest common factor of 1072 and 56.
8
Calculate the greatest common factor of 26 and 1352.
26
Calculate the greatest common divisor of 6231 and 201.
201
Calculate the greatest common factor of 126 and 56.
14
What is the greatest common divisor of 3306 and 2784?
174
What is the greatest common factor of 61054 and 178?
178
Calculate the greatest common factor of 684 and 304.
76
What is the greatest common factor of 11 and 4103?
11
Calculate the greatest common divisor of 1340 and 20.
20
What is the highest common factor of 16 and 128?
16
Calculate the greatest common divisor of 12 and 42.
6
What is the greatest common divisor of 1280 and 2980?
20
Calculate the greatest common factor of 77 and 77.
77
What is the greatest common divisor of 1330 and 35?
35
What is the highest common factor of 13607 and 11?
11
Calculate the greatest common factor of 620 and 10.
10
Calculate the greatest common factor of 1802 and 119.
17
Calculate the highest common factor of 30 and 3495.
15
What is the greatest common factor of 430 and 110?
10
Calculate the greatest common divisor of 3 and 807.
3
Calculate the greatest common factor of 190 and 20.
10
Calculate the greatest common divisor of 416 and 884.
52
What is the greatest common factor of 20 and 160?
20
Calculate the highest common factor of 608 and 64.
32
What is the greatest common factor of 31420 and 40?
20
Calculate the highest common factor of 154 and 224.
14
What is the greatest common factor of 4 and 28?
4
What is the greatest common divisor of 14 and 847?
7
Calculate the highest common divisor of 28 and 448.
28
What is the highest common factor of 38 and 209?
19
Calculate the greatest common factor of 138 and 2944.
46
What is the highest common divisor of 190 and 342?
38
Calculate the greatest common factor of 168 and 168.
168
Calculate the greatest common factor of 406 and 174.
58
Calculate the highest common divisor of 501 and 9.
3
What is the greatest common factor of 476 and 56?
28
What is the highest common factor of 45 and 165?
15
Calculate the highest common factor of 62 and 12400.
62
What is the highest common divisor of 67 and 24589?
67
Calculate the highest common divisor of 462 and 110.
22
What is the greatest common factor of 502 and 19829?
251
Calculate the greatest common factor of 88 and 6578.
22
Calculate the greatest common factor of 9696 and 64.
32
What is the highest common divisor of 129 and 3?
3
Calculate the highest common factor of 25 and 49975.
25
What is the greatest common factor of 50 and 1825?
25
What is the greatest common divisor of 301 and 86?
43
What is the greatest common factor of 35 and 12600?
35
Calculate the highest common factor of 437 and 46.
23
Calculate the highest common divisor of 130 and 3705.
65
Calculate the greatest common factor of 484 and 44.
44
What is the greatest common factor of 24 and 7092?
12
What is the greatest common divisor of 370 and 10?
10
What is the greatest common divisor of 116 and 87?
29
What is the greatest common divisor of 1467 and 765?
9
Calculate the highest common factor of 415 and 249.
83
Calculate the greatest common divisor of 990 and 220.
110
Calculate the highest common divisor of 10 and 405.
5
What is the highest common divisor of 689 and 1339?
13
Calculate the greatest common divisor of 5 and 13550.
5
Calculate the greatest common divisor of 12 and 276.
12
What is the highest common factor of 1032 and 24?
24
Calculate the greatest common factor of 900 and 75.
75
What is the highest common divisor of 2676 and 48?
12
Calculate the highest common divisor of 96 and 160.
32
Calculate the highest common factor of 884 and 34.
34
Calculate the highest common divisor of 476 and 272.
68
Calculate the highest common factor of 3782 and 1586.
122
What is the greatest common divisor of 4 and 92?
4
What is the highest common factor of 1157 and 623?
89
What is the greatest common divisor of 180 and 35?
5
Calculate the highest common factor of 152 and 798.
38
Calculate the greatest common divisor of 27 and 7803.
27
What is the highest common divisor of 721 and 231?
7
Calculate the greatest common factor of 322 and 98.
14
What is the highest common divisor of 56 and 553?
7
Calculate the greatest common divisor of 66 and 66.
66
Calculate the highest common factor of 45 and 1305.
45
Calculate the greatest common factor of 120 and 150.
30
What is the greatest common divisor of 87 and 10005?
87
Calculate the greatest common divisor of 1661 and 297.
11
What is the greatest common factor of 59 and 1888?
59
Calculate the greatest common divisor of 8 and 24.
8
Calculate the greatest common divisor of 235 and 47.
47
What is the highest common divisor of 2076 and 12?
12
What is the highest common divisor of 14 and 32529?
7
Calculate the highest common divisor of 360 and 80.
40
What is the highest common factor of 13 and 1?
1
What is the greatest common factor of 224 and 20192?
32
Calculate the greatest common divisor of 47 and 517.
47
Calculate the highest common divisor of 200 and 280.
40
What is the greatest common factor of 168 and 756?
84
Calculate the greatest common factor of 676 and 44.
4
Calculate the greatest common divisor of 265 and 25.
5
Calculate the highest common divisor of 4 and 1064.
4
Calculate the highest common divisor of 4033 and 74.
37
Calculate the greatest common divisor of 8664 and 418.
38
Calculate the highest common factor of 66 and 108.
6
Calculate the highest common divisor of 3255 and 315.
105
Calculate the greatest common factor of 544 and 170.
34
What is the greatest common divisor of 5568 and 192?
192
What is the highest common factor of 528 and 506?
22
What is the greatest common divisor of 7 and 189?
7
Calculate the highest common factor of 12 and 8826.
6
Calculate the greatest common divisor of 226 and 11074.
226
What is the greatest common divisor of 17 and 187?
17
Calculate the greatest common divisor of 374 and 132.
22
What is the greatest common factor of 2 and 18?
2
What is the greatest common factor of 2848 and 32?
32
Calculate the greatest common factor of 130 and 110.
10
Calculate the greatest common divisor of 10 and 20270.
10
What is the greatest common divisor of 78442 and 182?
182
What is the greatest common factor of 2480 and 155?
155
What is the greatest common facto